 a composite number?
False
Is 1524124193 prime?
False
Is 41382200429 composite?
False
Is 416572759 a composite number?
False
Is 6199523597 a composite number?
True
Is 1641837091 a composite number?
False
Is 71017663 prime?
True
Is 17069345263 a composite number?
False
Is 237017561 composite?
True
Is 615578963 composite?
True
Is 1923611477 a composite number?
False
Is 642873401 a prime number?
True
Is 8048759287 composite?
False
Is 2805274169 prime?
True
Is 1033912589 a prime number?
False
Is 1764163277 a prime number?
True
Is 1582363763 a composite number?
False
Is 34678483163 prime?
False
Is 20484627409 prime?
False
Is 49195561 a prime number?
True
Is 104571339757 composite?
False
Is 320795131 prime?
True
Is 3048523561 prime?
False
Is 76031355461 a composite number?
True
Is 1157442337 a composite number?
False
Is 65294086717 composite?
False
Is 19374799481 composite?
True
Is 53425363 composite?
False
Is 282963799 prime?
False
Is 1382727581 composite?
False
Is 182711010119 composite?
True
Is 109153259 prime?
True
Is 8743670413 a composite number?
False
Is 364676869 prime?
True
Is 1300210361 prime?
False
Is 211865796029 a prime number?
False
Is 108147298969 composite?
False
Is 920691853 a composite number?
False
Is 40189166671 composite?
True
Is 2093669111 a composite number?
False
Is 1942667987 composite?
True
Is 25563893 prime?
True
Is 104904502093 a prime number?
True
Is 234907313 prime?
True
Is 40966386887 a prime number?
True
Is 7583145629 a composite number?
True
Is 147445321 composite?
True
Is 192632939849 composite?
True
Is 2800691547 prime?
False
Is 11582080207 prime?
False
Is 67472880589 prime?
True
Is 331145717 a prime number?
False
Is 755287019 composite?
True
Is 1333446463 a prime number?
False
Is 3443236877 prime?
True
Is 1975227743 a prime number?
False
Is 2048731837 a prime number?
True
Is 23098200779 prime?
True
Is 161714257 prime?
False
Is 13567791311 composite?
False
Is 844984559 prime?
True
Is 52321310029 a prime number?
True
Is 9499565987 composite?
True
Is 1009197953 composite?
True
Is 267414937 a composite number?
False
Is 4684776455 prime?
False
Is 203248805599 composite?
True
Is 21252018421 a composite number?
True
Is 96998695181 prime?
True
Is 1836577591 a composite number?
False
Is 1861334171 prime?
True
Is 88133489 composite?
True
Is 2144506391 composite?
False
Is 746834569 prime?
False
Is 1924690739 composite?
False
Is 40526172613 prime?
False
Is 1380725113 a composite number?
False
Is 11412351331 a prime number?
True
Is 244528717 prime?
False
Is 25737335482 composite?
True
Is 920655833 prime?
False
Is 1918147211 a composite number?
True
Is 88072423 a prime number?
True
Is 187028806921 composite?
True
Is 519222913 a composite number?
True
Is 186133405573 composite?
False
Is 936949381 a composite number?
False
Is 24715404613 a prime number?
False
Is 28026115111 prime?
False
Is 81458593283 prime?
True
Is 19383602983 a composite number?
False
Is 11670001201 prime?
False
Is 16789415477 a composite number?
False
Is 128565831299 a prime number?
True
Is 636499141 composite?
False
Is 530563433 prime?
True
Is 102840503 composite?
False
Is 15363622367 a composite number?
True
Is 863316941 composite?
False
Is 72019414073 prime?
False
Is 13672956103 a prime number?
False
Is 4159129691 a prime number?
False
Is 210428003 a composite number?
False
Is 6273800543 a composite number?
False
Is 79762037 composite?
False
Is 2301632131 prime?
False
Is 9922453547 composite?
False
Is 330787109 a prime number?
False
Is 1017146891 prime?
True
Is 9594655607 composite?
True
Is 247076993 prime?
False
Is 19069606811 prime?
False
Is 387507750457 prime?
False
Is 66978628987 prime?
True
Is 2441138137 composite?
True
Is 615341901 composite?
True
Is 1875457609 composite?
True
Is 480546024727 a prime number?
True
Is 88887902063 prime?
False
Is 96937343 prime?
False
Is 39729429793 composite?
False
Is 4689319637 prime?
False
Is 47476114979 a composite number?
True
Is 113451852517 composite?
False
Is 10181907581 prime?
False
Is 17336226401 composite?
True
Is 686908379 prime?
True
Is 14964073951 prime?
False
Is 7640399293 a composite number?
True
Is 5118053 composite?
True
Is 6269871073 composite?
False
Is 29068471 composite?
True
Is 1672967027 a prime number?
True
Is 10751526677 composite?
False
Is 2007248149 composite?
True
Is 919676027 a composite number?
False
Is 2537530603 prime?
False
Is 202175921 composite?
False
Is 6921178751 prime?
False
Is 662713501 a composite number?
True
Is 106202208703 composite?
False
Is 6057760307 composite?
False
Is 109259158405 a composite number?
True
Is 242824814069 a composite number?
False
Is 25259347 a composite number?
False
Is 2550466799 a composite number?
True
Is 1047559078 prime?
False
Is 20394938089 a composite number?
False
Is 64622951 a prime number?
True
Is 28645909 a prime number?
True
Is 4753343059 prime?
False
Is 470052899 prime?
True
Is 1733118803 a composite number?
True
Is 18027928043 prime?
True
Is 341090671 a prime number?
True
Is 2508868423 composite?
False
Is 484724052823 a composite number?
False
Is 1422565783 a prime number?
True
Is 170437199927 composite?
False
Is 130300056691 a composite number?
True
Is 21752869 a prime number?
False
Is 341059623173 a composite number?
False
Is 2687127203 a prime number?
True
Is 11714952167 composite?
True
Is 104135264743 composite?
True
Is 1139653399 a prime number?
True
Is 287350513 a prime number?
False
Is 31649833 a composite number?
False
Is 250955846 composite?
True
Is 360527441 a prime number?
True
Is 808893329 a composite number?
False
Is 6274099603 a composite number?
False
Is 143291419207 composite?
True
Is 4122690857 composite?
True
Is 6893163863 composite?
True
Is 4448654619 a prime number?
False
Is 8413760407 prime?
False
Is 29612168149 prime?
True
Is 925365067 composite?
True
Is 15070080449 a prime number?
True
Is 12361754971 a prime number?
False
Is 555231329 composite?
True
Is 505729079 composite?
False
Is 355238304151 a prime number?
True
Is 22325337569 a prime number?
True
Is 171119125373 a composite number?
True
Is 37794347 a prime number?
True
Is 3274691083 a composite number?
False
Is 82110535021 a prime number?
True
Is 13165101581 prime?
True
Is 122374453829 a prime number?
True
Is 6678803581 prime?
True
Is 2699688487 a composite number?
True
Is 26483771 composite?
False
Is 596208557 composite?
True
Is 859589553 composite?
True
Is 4262042243 composite?
True
Is 249465719 a composite number?
True
Is 983358401 a prime number?
True
Is 3009813523 a prime number?
True
Is 14330392523 a prime number?
True
Is 417168313 a composite number?
True
Is 88682318 composite?
True
Is 11390304137 composite?
False
Is 25824300097 composite?
False
Is 381721427 prime?
False
Is 6121201 prime?
True
Is 1519788037 a prime number?
False
Is 582123543 a composite number?
True
Is 143261009 a prime number?
True
Is 37332623 a composite number?
False
Is 1011132257 a prime number?
True
Is 35647056859 a composite number?
True
Is 110124320203 a prime number?
False
Is 2314155535 a composite number?
True
Is 328545109 a composite number?
True
Is 63811341301 a prime number?
True
Is 6905607667 composite?
True
Is 10388003321 prime?
True
Is 2300724653 a prime number?
True
Is 432503161 prime?
False
Is 656069309 a prime number?
False
Is 4589126155 composite?
True
Is 8600806943 a prime number?
False
Is 8896080631 prime?
False
Is 813739019 a composite number?
False
Is 12871145057 composite?
False
Is 26195241235 a prime number?
False
Is 5735248427 prime?
True
Is 325000759 prime?
True
Is 37795111 a composite number?
False
Is 42236683529 a prime number?
True
Is 644422421 a prime number?
False
Is 670932781 a composite number?
False
Is 400866043 a composite number?
True
Is 7312499431 prime?
False
Is 3173541013 a composite number?
False
Is 2676373237 a composite number?
False
Is 22053733811 prime?
True
Is 57707590753 a prime number?
False
Is 5216739331 composite?
False
Is 936445693 prime?
True
Is 388302113 prime?
True
Is 39704035661 a composite number?
False
Is 248463035 prime?
False
Is 922895333 a prime number?
False
Is 12243730703 prime?
True
Is 663794731 a composite number?
True
Is 149761253 prime?
True
Is 986363981 composite?
False
Is 2101992589 composite?
True
Is 2171070691 a compos